
Let a(j) = -j**3 - j**2 - 2*j + 34. Let l be a(-5). Calculate the greatest common divisor of l and 270.
18
Let b = 191 - 74. What is the highest common factor of 13 and b?
13
Let v(b) = b**2 + 2*b - 3. Let f be v(-3). Let s be (22/(-1))/(-2 + f). Suppose -s*y + 15*y - 80 = 0. What is the highest common factor of 50 and y?
10
Let z be 8 + (-11)/(22/8). Calculate the greatest common factor of 4 and z.
4
Let t be (800/(-6))/((-44)/594). Calculate the greatest common divisor of 18 and t.
18
Let v be 9 + (-72)/(-45)*5/2. Suppose -t = -4 - 1. Suppose -947 + 350 = -5*x - 4*o, 219 = 2*x - t*o. What is the highest common divisor of x and v?
13
Suppose 5*t + o = 455, -4*o + 285 = 3*t - o. What is the highest common divisor of 480 and t?
30
Let x(m) = 2*m**2 - 2*m. Let v be x(2). Suppose -22 + 2 = -v*c. Suppose o - 44 = -c*u + 23, 3*o + 37 = 2*u. Calculate the greatest common factor of 126 and u.
14
Let m = 700 + -608. Calculate the greatest common divisor of 391 and m.
23
Let i be (-4)/(-3)*27/2. Let j be 2832/(-531)*((-9)/(-4))/(-1). Calculate the highest common divisor of i and j.
6
Suppose -3*m - 2*v = -11, 2 = 5*m - 5*v - 8. Suppose -m*j - 3 = -33. Calculate the highest common divisor of 90 and j.
10
Suppose j = 3*h + 34 + 55, -3*j - h = -237. What is the greatest common divisor of j and 50?
10
Suppose -8 = -0*x - 4*x. Suppose -3*j - 6 = f + 1, 3*j = 4*f - 47. Calculate the greatest common factor of x and f.
2
Let y(a) = 19*a - 35. Let j be y(4). Calculate the greatest common factor of 1763 and j.
41
Suppose -p - 3 = 2*p, 2*i = -2*p + 12. Let g(o) = 6*o - 24 - 4*o - 32 - 34 + 77. Let d be g(i). Calculate the highest common factor of d and 7.
1
Suppose 10 = -2*j + 4*j. Suppose 21 - 16 = j*s. What is the greatest common factor of 4 and s?
1
Suppose -3*x - 5*k + 52 = 0, -x - 4*k + 2 = -3*x. Calculate the highest common divisor of x and 423.
9
Suppose -5*t + 0*t - 2*j + 132 = 0, -4*t = 3*j - 100. Let r = 265 + -417. Let b = r - -460. What is the greatest common divisor of t and b?
28
Let y = -18 + 29. Suppose -b + 93 = -y. Suppose 3*s = l - 4, 0 = 4*l + 4*s - 7*s - 43. What is the highest common divisor of b and l?
13
Let c(k) = 67*k**3 - 3*k**2 - 2*k + 11. Let q be c(2). Calculate the highest common factor of q and 36.
9
Let v be (9/2)/(3/4). Let t be v/((9/54)/((-22)/(-8))). Calculate the highest common divisor of 11 and t.
11
Let m(h) = -h + 33. Let y be m(15). Suppose -y = 2*i + 5*j - 50, -j = -5*i + 53. Suppose -4*q - 10 + 14 = 0. Calculate the greatest common factor of q and i.
1
Suppose -3*t + 4*z = -8*t + 75, 4*t - 60 = z. Suppose 7*w - t = 237. Suppose 3*p - 14 = p + 3*h, -h - 6 = -p. What is the highest common divisor of w and p?
4
Suppose r = -4*r + 295. Let p = 71 - r. Calculate the highest common divisor of 12 and p.
12
Let z(s) = 18*s - 227. Let j be z(14). What is the highest common factor of j and 15?
5
Let x = 10 - -7. Suppose 26*h - 31*h = 0, 4*v + h - 612 = 0. Calculate the greatest common divisor of x and v.
17
Let g(s) = -s**3 + 3*s**2 + 9*s + 1. Let c be g(4). Suppose 200 = -c*h + 26*h. Calculate the greatest common divisor of h and 10.
10
Suppose 35*s - 372 - 48 = 0. What is the highest common divisor of 102 and s?
6
Let g(y) = y**3 - 4*y**2 - 10*y + 6. Let p be g(6). Suppose p*u + 2 - 254 = 0. What is the greatest common factor of 42 and u?
14
Let w = 995 - 895. Calculate the greatest common divisor of 20 and w.
20
Let y(f) = -13*f + 102. Let k be y(6). What is the highest common divisor of 424 and k?
8
Let c = -7 - -7. Suppose c*z - 4*v = -z + 16, -v = 0. Suppose 2 = k + 3*b - 5, 3*b = k - 25. What is the highest common divisor of z and k?
16
Let a(m) = m**3 - 18*m - 4. Let s be a(-4). Calculate the highest common divisor of 20 and s.
4
Let z be ((-1254)/12)/((-9)/18). Calculate the highest common factor of z and 22.
11
Suppose 9*g = -0*g + 684. What is the highest common factor of g and 38?
38
Let u be (4/(-6))/(4/(-480)*5). What is the greatest common divisor of u and 48?
16
Suppose 3*b + 4 = 10. Suppose 5*d - 523 = 3*f - f, -2*f = -b. Let t be (-4)/(-14) - (-206)/14. What is the highest common factor of t and d?
15
Suppose -3*s = 5*g - 27, -5*s + 0*g = -4*g - 8. Let o(v) = 4*v**3 + v**2 + 2*v - 8. Let f be o(2). What is the highest common divisor of f and s?
4
Let l(j) = -3*j**2 - 5*j - 5. Let o(c) = -5*c**2 - 7*c - 8. Let t(n) = 8*l(n) - 5*o(n). Let y be t(9). Calculate the greatest common divisor of 4 and y.
4
Let r(q) = -q - 5. Let f be r(-7). Let d = -92 - -108. Calculate the greatest common divisor of d and f.
2
Suppose -3*x + 65 = 5*j, -2 - 2 = 2*j. Suppose -5*m = 4*f - 774, 5*m + 0*m - 4*f = 726. Calculate the greatest common factor of x and m.
25
Let u(n) = 3*n**2 - 20*n + 70. Let v be u(8). What is the highest common factor of v and 3?
3
Let h(k) = k**3 + 8*k**2 - 11*k - 12. Let w be h(-9). Let g be (85/w)/5 + 3/18. Calculate the highest common divisor of g and 21.
3
Let b(x) = -x**3 - 11*x**2 + 10*x - 24. Let j be b(-12). Let v be 8/(-6)*3/(-2). Suppose j*w - 8 = -v*w. What is the highest common factor of w and 36?
4
Let a = -593 + 615. What is the highest common divisor of 506 and a?
22
Suppose -z = 1 - 5, 224 = 5*n - 4*z. What is the highest common divisor of 6 and n?
6
Suppose 5*l + 0*u = u + 249, 5*u = 2*l - 118. What is the highest common divisor of 154 and l?
7
Let b = -14 - -5. Let a = -24 - b. Let p be (128/10)/(a/(-75)). Calculate the greatest common factor of p and 8.
8
Let c be 292 + -118 - 1*-1. Calculate the highest common divisor of c and 675.
25
Let a = 87 + 210. Calculate the greatest common factor of a and 27.
27
Let w be (165/(-30))/((-2)/28). Let q = 22 + -47. Let l = 36 + q. Calculate the highest common factor of w and l.
11
Suppose -2*x = -5*n + 3874, x + 849 = 5*n - 3023. What is the greatest common factor of n and 172?
86
Let z(i) = -i + 6. Let a be z(-4). Suppose a*n = 74 + 66. What is the highest common divisor of 7 and n?
7
Suppose 20*z - 23*z + 9 = 0. Let u be (1 + z/2)/((-4)/(-168)). Calculate the highest common factor of 35 and u.
35
Let q(m) = 2*m + 11. Let a be q(-5). Suppose p = -a - 0. Let i = p + 28. What is the greatest common divisor of 9 and i?
9
Let n be (3712/(-145))/(1/(-5)). What is the greatest common divisor of 176 and n?
16
Suppose -4*q = -4*t - 32, 3*q - 2*t = -q + 24. Suppose -d + 2*d = -q*s + 598, -3*s = -d - 452. What is the greatest common divisor of 60 and s?
30
Suppose 0 = i + d - 18, -4*d + 59 = -i + 4*i. Let b = 34 - i. Calculate the greatest common factor of b and 21.
21
Let f(v) = 2*v - 3. Let r be f(2). Suppose -4*a = -6*k + k + 21, 5*a = -20. Calculate the highest common factor of k and r.
1
Let p(q) = -q**3 - q**2 - 8. Let j be p(-5). What is the greatest common factor of j and 69?
23
Let w = 0 - 0. Suppose -y - 3*y + 200 = w. Let b(p) = -p**3 - 19*p**2 - 4*p - 56. Let m be b(-19). Calculate the highest common divisor of y and m.
10
Suppose -136 = -4*o + 136. Suppose -o - 22 = -z. Suppose 0*y = 3*y - 54. Calculate the highest common factor of z and y.
18
Let n = -29 + 34. Suppose -n*y + 6 + 39 = 0. What is the highest common divisor of 63 and y?
9
Suppose 0 = -9*d + d - 104. Let s = d - -18. Suppose 41 = m + 2*g - g, -m + 59 = -s*g. Calculate the highest common factor of m and 22.
22
Let b(i) = i**3 - 5*i**2 + 5*i. Let v be b(5). Suppose 0 = 5*m - 10*w + 7*w - 625, 2*w + 125 = m. Calculate the highest common divisor of m and v.
25
Let b = 2142 + -2130. Calculate the highest common divisor of b and 60.
12
Suppose 3*a = -4*z - 0*z + 13, 0 = 2*a - 4*z - 22. Suppose f = a*f + 12. Let s(p) = -4*p - 3. Let q be s(f). Calculate the highest common factor of 40 and q.
5
Suppose 54 - 262 = -8*w. What is the greatest common divisor of w and 169?
13
Suppose -2*i + 37 + 5 = 0. Suppose 4*p - i = -3*p. Suppose 8 = c + p*c. What is the greatest common factor of c and 10?
2
Let w = -34 + 51. Suppose -5*p + y = -w, -6*y = 2*p - y - 23. Suppose -3*r - 95 = -4*h, 60 = 2*h - r - 3*r. What is the greatest common divisor of h and p?
4
Let a be (-28)/4*1620/(-189). Let u = -105 - -195. What is the greatest common divisor of u and a?
30
Let b be (-1 - -2)/((-10)/(-170)). Let o = b - 13. Suppose 194 = o*v + 2*y, -141 - 50 = -4*v + y. Calculate the greatest common factor of v and